
14
Suppose 2*k - 68 = 2*l, -2*k + 3*l + 91 = 21. Calculate the highest common factor of k and 24.
8
Suppose 0 = 2*z - 4*y - 88, -306 = -5*z - 3*y - 34. What is the greatest common factor of 4 and z?
4
Let q(w) = -w**2 + 19*w + 20. Let k be q(15). Suppose -4*r - 5*d = -k + 25, -d = 5. What is the greatest common factor of 60 and r?
20
Let j = 6 + -3. Suppose 0 = -j*l + 6*l + 24. Let t be (0 - 20/l)*4. Calculate the highest common factor of 110 and t.
10
Let u be 14/2 - (7 + -9). Let b(s) = -s**2 + 10*s + 13. Let o be b(u). What is the highest common factor of o and 33?
11
Suppose -6*y + 9*y - 72 = 0. Let j = 57 - y. What is the highest common divisor of j and 363?
33
Suppose -151 = -3*n + i, -6*i - 35 = -i. Suppose -4*y - y = -80. What is the highest common factor of n and y?
16
Suppose 86 = -o + 502. Calculate the highest common divisor of 48 and o.
16
Suppose -2*p = -28 - 14. Suppose 6*l + 9 = p. Calculate the greatest common divisor of 22 and l.
2
Suppose 2760*q + 2*m - 254 = 2757*q, -2*q - 3*m = -181. Let v(p) = 9*p + 6. Let l be v(6). Calculate the greatest common factor of q and l.
20
Let z = 2 - 6. Let x = 14 - z. Suppose 5*h = -2 + 47. Calculate the greatest common factor of x and h.
9
Suppose -3*x + 0*x = 1302. Let j be x/(-49) + 3/21. What is the greatest common divisor of 1 and j?
1
Suppose -51 = -5*w - n, -4*w - 2*n = -0*w - 36. Calculate the greatest common divisor of 121 and w.
11
Suppose -o = -3*q + 3, 2*o + 3*o = 5*q + 35. Let m = -1160 - -1184. Calculate the highest common divisor of m and o.
12
Let w be ((-45)/90)/((-1)/96). Calculate the greatest common divisor of w and 128.
16
Let c(p) be the second derivative of p**3/6 - 20*p. Let z be c(3). Calculate the highest common factor of z and 15.
3
Suppose -6 = -2*k - 22. Let y be 10/40 + (-286)/k. Let v(d) = -d**3 - 5*d**2 + 6*d + 9. Let u be v(-6). What is the greatest common divisor of u and y?
9
Suppose -v = v - 102. Let p be (2 + (1 - 3))/1. Suppose -3*u + 40 + 62 = p. What is the greatest common factor of u and v?
17
Let i(y) = y**3 + 6*y**2 + 5*y + 1. Let b be i(-4). Suppose -9*c - 4*d = -11*c + 246, -4*c + d = -471. What is the greatest common factor of b and c?
13
Let y(p) = p + 2. Let h be y(-2). Suppose h = -2*z - 2*z + 416. Let a(l) = -127*l + 1029. Let g be a(8). What is the highest common factor of g and z?
13
Let t = 15 + -11. Let p be 1407/14 - 2/(-4). Suppose 4*c - 23 = -2*u + p, -293 = -t*u + c. What is the greatest common divisor of u and 9?
9
Let r be 768/288*30/4. What is the highest common factor of r and 3020?
20
Suppose -3*s + 2 + 7 = 0. Let c be 3 - s - 1 - -11. Let l = -26 - -96. What is the greatest common divisor of l and c?
10
Suppose 0 = -48*r + 39*r + 36. Calculate the greatest common factor of r and 76.
4
Suppose 3*u + 3*c - 81 = 0, 4*u + 64 = 5*c + 199. Suppose -10*g = -104 + 4. What is the greatest common factor of g and u?
10
Let t(b) = -8*b - 44. Let x be t(-8). Calculate the highest common divisor of x and 10.
10
Suppose 5*p - 33 = -t, p + 0*p = -2*t + 21. Calculate the highest common factor of 712 and t.
8
Let x = 122 + -54. Calculate the greatest common factor of x and 102.
34
Let b = 79 + -37. Let n be ((-2)/(-4))/(2/4). Let c be n/8 + 111/8. Calculate the highest common factor of b and c.
14
Let s be -5*2/(-15)*9. Suppose 2 = -v + s. Suppose 0 = 2*k - 5*q - 1 - 18, -8 = -k + v*q. What is the highest common factor of 30 and k?
6
Let n(s) = s + 9. Let z be n(-7). Let b be (-9)/12 + (3 - (-15)/(-12)). Let x = 15 + b. What is the greatest common factor of z and x?
2
Let g be -1 - -264 - (-3 - -2). Suppose q - 4*y = -g, 3*y = 5*q - 118 + 1472. Let j = -101 - q. Calculate the greatest common divisor of j and 19.
19
Let t be 179*(-2 - -5)/3. Suppose 2*a = -3*p + 168 + t, -341 = -3*p - 5*a. Suppose 0 = 8*b - 412 + 308. What is the highest common divisor of b and p?
13
Suppose 30 = 5*u - 2*i, 2*u + 0*u + i - 3 = 0. Let z be (-421)/(-10) - u/40. What is the greatest common factor of 28 and z?
14
Let b(t) = 2*t**2 - t. Let g be b(-4). Let c be -2 - (-55)/30 - (-220)/24. What is the greatest common factor of g and c?
9
Let j(o) = -o**3 + 13*o**2 + 18*o - 44. Let t be j(14). What is the highest common divisor of t and 42?
6
Let x(m) = 2*m + 3. Let d be x(3). Let z = -156 - -107. Let g = -13 - z. Calculate the highest common factor of d and g.
9
Let m = 50 - 18. Let v = -603 + 1003. Suppose -7*j + v = -2*j. Calculate the highest common divisor of j and m.
16
Suppose 2*p - 5*o - 19 = -2*p, p + 5*o = 11. Let j = 16 - p. What is the greatest common divisor of j and 50?
10
Let s = -4 + 19. Let b(t) = 2*t - 7. Let v be b(5). Suppose g - 6*g = l - 40, 5*l - 144 = v*g. Calculate the highest common divisor of l and s.
15
Let z be 426/36 - 4/(-24). Calculate the greatest common divisor of z and 6.
6
Let z be 2*(0 + (-1 - -2)). Let j be z - 1 - (7 - 56). What is the highest common divisor of j and 125?
25
Let w = 0 + -1. Let a(t) = 27*t**2 + 3*t + 2. Let y be a(w). What is the greatest common divisor of y and 65?
13
Let g(q) = -6*q - 3. Let j be g(-4). Let w(b) = 2*b - 2. Let p be w(-7). Let d = p + 37. What is the greatest common divisor of d and j?
21
Suppose -14*x = -15*x + 12. Let f be 1/((-4)/(-16)) + x. Calculate the greatest common factor of f and 8.
8
Suppose -189 = -u - 2*d - 19, 0 = 2*u - 2*d - 370. What is the greatest common divisor of 45 and u?
45
Let m be 36/14*71/(2769/1092). Let o be 4/(-10) + 484/10. Calculate the highest common factor of o and m.
24
Let r(p) = 5*p + 16. Let o be r(-14). Let g be o/15*15/(-6). Let a be 573/g - (-4)/3. Calculate the greatest common divisor of a and 13.
13
Suppose -2*n = -11 + 27. Let r(t) be the first derivative of -t**2/2 + 6*t + 1. Let i be r(n). Calculate the greatest common factor of 42 and i.
14
Let v = -29 + 42. Let g = -10 + 23. What is the highest common divisor of v and g?
13
Let r(n) = n**3 + 11*n**2 + 8*n - 68. Let j be r(-9). What is the greatest common divisor of 374 and j?
22
Let d = -33 - -57. Let g = d + -16. Calculate the greatest common factor of g and 8.
8
Let z = 250 + -138. Let x(d) = d**2 + 2*d - 8. Let g be x(-6). Calculate the highest common factor of g and z.
16
Suppose 4*o - 50 = -5*p, 8*p - 10*p + 38 = -2*o. What is the highest common factor of p and 182?
14
Let b = -11 + 7. Let d be (b/2)/((-3)/12). Calculate the highest common divisor of 80 and d.
8
Let x be 3/(-3) + (15 - -1). Let n(w) = -32*w - 413. Let a be n(-13). What is the greatest common divisor of x and a?
3
Suppose -320 - 280 = -20*c. What is the highest common divisor of 75 and c?
15
Let o be -1 - (-2 + 1)*0. Let v be -5*o/((-1)/(-7)). Suppose h + 21 = 4*h. Calculate the highest common factor of v and h.
7
Let r(d) = -d**3 + 13*d**2 - 8*d + 6. Let l be r(5). Calculate the highest common divisor of 1079 and l.
83
Let f = -38 - -371. What is the highest common factor of f and 37?
37
Let q(w) = 2*w**3 - 42*w**2 - 94*w + 54. Let h be q(23). Calculate the highest common divisor of 3352 and h.
8
Let n(p) = 2*p**2 + 7*p + 5. Let c(s) = s**3 + 21*s**2 + 20*s - 5. Let i be c(-20). Let r be n(i). What is the highest common factor of r and 5?
5
Let s(m) = 2*m**3 - m**2 + 22*m - 21. Let i be s(1). What is the highest common factor of 38 and i?
2
Let r(n) = -46*n**2 + 1. Let l be r(-1). Let h be (-704)/(-12)*l/(-20). What is the highest common factor of h and 12?
12
Let t be (-968)/(-88) - (-12)/2. What is the greatest common factor of t and 731?
17
Let y(r) = -r**3 - 9*r**2 - 2*r - 1. Let w be y(-9). Suppose p - 37 = -w. Let q be p/8*(-12)/(-5). What is the highest common factor of q and 6?
6
Let c(v) = v + 11. Let b(z) = -2*z + 1. Let u be b(5). Let x be (3 + u/5)*-5. Let h be c(x). Calculate the greatest common divisor of 40 and h.
5
Let w be (-1800)/(-96)*(-48)/(-10). Calculate the highest common divisor of 18 and w.
18
Suppose -1342 = -j - 17*p + 15*p, -5*p + 6705 = 5*j. What is the highest common factor of 20 and j?
20
Let v = -73 - -75. Let k(x) = 3*x**3 - 5*x + 7. Let l be k(v). Suppose 450 = 5*m - 705. What is the highest common factor of l and m?
21
Let g(i) = i**3 - 11*i**2 + 3*i - 1. Suppose 25*x - 22*x = 33. Let t be g(x). Let y be 24/t - (-183)/12. What is the greatest common factor of y and 40?
8
Let r(b) = 8*b**2 + 2